{"id":96,"date":"2017-02-20T23:06:17","date_gmt":"2017-02-20T23:06:17","guid":{"rendered":"http:\/\/cerveraip.com\/?page_id=96"},"modified":"2017-03-02T18:49:18","modified_gmt":"2017-03-02T18:49:18","slug":"tienes-un-slogan","status":"publish","type":"page","link":"https:\/\/cerveraip.com\/index.php\/tienes-un-slogan\/","title":{"rendered":"Tienes un slogan"},"content":{"rendered":"<p>&nbsp;<\/p>\n<p>El slogan (en ingl\u00e9s), es una frase que te ayuda a promocionar tus productos\/servicios, \u00e9stos tienen la cracter\u00ed\u00adsitca de quedarse en la memoria de la gente, porque hacen m\u00e1s f\u00e1cil su percepci\u00f3n y te ayudan a veder!, seguramente te acuerdas de slogans &#8220;muy pegajosos&#8221; y aunque ya no se usen, a la fecha los recordamos, y hay otros que su uso es tan continuo que &#8220;siempre&#8221; los tenemos presentes.<br \/>\nSi aun no tienes un slogan cralo y si ya lo tienes prot\u00e9gelo!, Te ayudamos a identificar el slogan de tu empresa!<\/p>\n","protected":false},"excerpt":{"rendered":"<p>&nbsp; El slogan (en ingl\u00e9s), es una frase que te ayuda a promocionar tus productos\/servicios, \u00e9stos tienen la cracter\u00ed\u00adsitca de quedarse en la memoria de la gente, porque hacen m\u00e1s f\u00e1cil su percepci\u00f3n y te ayudan a veder!, seguramente te &hellip; <a href=\"https:\/\/cerveraip.com\/index.php\/tienes-un-slogan\/\">Sigue leyendo <span class=\"meta-nav\">&rarr;<\/span><\/a><\/p>\n","protected":false},"author":1,"featured_media":0,"parent":0,"menu_order":0,"comment_status":"closed","ping_status":"closed","template":"","meta":[],"_links":{"self":[{"href":"https:\/\/cerveraip.com\/index.php\/wp-json\/wp\/v2\/pages\/96"}],"collection":[{"href":"https:\/\/cerveraip.com\/index.php\/wp-json\/wp\/v2\/pages"}],"about":[{"href":"https:\/\/cerveraip.com\/index.php\/wp-json\/wp\/v2\/types\/page"}],"author":[{"embeddable":true,"href":"https:\/\/cerveraip.com\/index.php\/wp-json\/wp\/v2\/users\/1"}],"replies":[{"embeddable":true,"href":"https:\/\/cerveraip.com\/index.php\/wp-json\/wp\/v2\/comments?post=96"}],"version-history":[{"count":4,"href":"https:\/\/cerveraip.com\/index.php\/wp-json\/wp\/v2\/pages\/96\/revisions"}],"predecessor-version":[{"id":301,"href":"https:\/\/cerveraip.com\/index.php\/wp-json\/wp\/v2\/pages\/96\/revisions\/301"}],"wp:attachment":[{"href":"https:\/\/cerveraip.com\/index.php\/wp-json\/wp\/v2\/media?parent=96"}],"curies":[{"name":"wp","href":"https:\/\/api.w.org\/{rel}","templated":true}]}}