{"id":82,"date":"2017-02-20T20:23:36","date_gmt":"2017-02-20T20:23:36","guid":{"rendered":"http:\/\/cerveraip.com\/?page_id=82"},"modified":"2017-03-02T18:45:29","modified_gmt":"2017-03-02T18:45:29","slug":"patente","status":"publish","type":"page","link":"https:\/\/cerveraip.com\/index.php\/patente\/","title":{"rendered":"Patente"},"content":{"rendered":"<p>Es la protecci\u00f3n que se concede a una invenci\u00f3n, cuando \u00e9sta haya cumplido los requisitos de patentabilidad y legales que se\u00f1ala la Ley de la Propiedad Industrial.<\/p>\n","protected":false},"excerpt":{"rendered":"<p>Es la protecci\u00f3n que se concede a una invenci\u00f3n, cuando \u00e9sta haya cumplido los requisitos de patentabilidad y legales que se\u00f1ala la Ley de la Propiedad Industrial.<\/p>\n","protected":false},"author":1,"featured_media":0,"parent":0,"menu_order":0,"comment_status":"closed","ping_status":"closed","template":"","meta":[],"_links":{"self":[{"href":"https:\/\/cerveraip.com\/index.php\/wp-json\/wp\/v2\/pages\/82"}],"collection":[{"href":"https:\/\/cerveraip.com\/index.php\/wp-json\/wp\/v2\/pages"}],"about":[{"href":"https:\/\/cerveraip.com\/index.php\/wp-json\/wp\/v2\/types\/page"}],"author":[{"embeddable":true,"href":"https:\/\/cerveraip.com\/index.php\/wp-json\/wp\/v2\/users\/1"}],"replies":[{"embeddable":true,"href":"https:\/\/cerveraip.com\/index.php\/wp-json\/wp\/v2\/comments?post=82"}],"version-history":[{"count":3,"href":"https:\/\/cerveraip.com\/index.php\/wp-json\/wp\/v2\/pages\/82\/revisions"}],"predecessor-version":[{"id":291,"href":"https:\/\/cerveraip.com\/index.php\/wp-json\/wp\/v2\/pages\/82\/revisions\/291"}],"wp:attachment":[{"href":"https:\/\/cerveraip.com\/index.php\/wp-json\/wp\/v2\/media?parent=82"}],"curies":[{"name":"wp","href":"https:\/\/api.w.org\/{rel}","templated":true}]}}