{"id":206,"date":"2017-02-21T20:35:34","date_gmt":"2017-02-21T20:35:34","guid":{"rendered":"http:\/\/cerveraip.com\/?page_id=206"},"modified":"2017-02-22T01:21:54","modified_gmt":"2017-02-22T01:21:54","slug":"inicio","status":"publish","type":"page","link":"https:\/\/cerveraip.com\/index.php\/inicio\/","title":{"rendered":"Inicio"},"content":{"rendered":"<p><span lang=\"es-MX\"><b>SOMOS:<\/b><\/span><\/p>\n<p align=\"justify\">Abogados especialistas en la materia de Propiedad Intelectual, administramos y protegemos de manera integral los derechos de Propiedad Intelectual de nuestros clientes.<\/p>\n<p align=\"justify\">Ofrecemos un servicio profesional, \u00e9tico, personal y directo, en donde podr\u00e1 estar seguro de que los asuntos que nos conf\u00ede son tratados con todas las medidas necesarias para conservar y preservar su confidencialidad.<\/p>\n<p align=\"justify\">Nos mantenemos a la vanguardia en la materia buscando siempre la mejor capacitaci\u00f3n y actualizaci\u00f3n.<\/p>\n<p align=\"justify\"><b>BUSCAMOS:<\/b><\/p>\n<p align=\"justify\">Personas y empresas creativas, interesadas en la protecci\u00f3n de sus derechos intelectuales y conscientes de lo \u00e9stos que valen.<\/p>\n","protected":false},"excerpt":{"rendered":"<p>SOMOS: Abogados especialistas en la materia de Propiedad Intelectual, administramos y protegemos de manera integral los derechos de Propiedad Intelectual de nuestros clientes. Ofrecemos un servicio profesional, \u00e9tico, personal y directo, en donde podr\u00e1 estar seguro de que los asuntos &hellip; <a href=\"https:\/\/cerveraip.com\/index.php\/inicio\/\">Sigue leyendo <span class=\"meta-nav\">&rarr;<\/span><\/a><\/p>\n","protected":false},"author":1,"featured_media":0,"parent":0,"menu_order":0,"comment_status":"closed","ping_status":"closed","template":"","meta":[],"_links":{"self":[{"href":"https:\/\/cerveraip.com\/index.php\/wp-json\/wp\/v2\/pages\/206"}],"collection":[{"href":"https:\/\/cerveraip.com\/index.php\/wp-json\/wp\/v2\/pages"}],"about":[{"href":"https:\/\/cerveraip.com\/index.php\/wp-json\/wp\/v2\/types\/page"}],"author":[{"embeddable":true,"href":"https:\/\/cerveraip.com\/index.php\/wp-json\/wp\/v2\/users\/1"}],"replies":[{"embeddable":true,"href":"https:\/\/cerveraip.com\/index.php\/wp-json\/wp\/v2\/comments?post=206"}],"version-history":[{"count":1,"href":"https:\/\/cerveraip.com\/index.php\/wp-json\/wp\/v2\/pages\/206\/revisions"}],"predecessor-version":[{"id":207,"href":"https:\/\/cerveraip.com\/index.php\/wp-json\/wp\/v2\/pages\/206\/revisions\/207"}],"wp:attachment":[{"href":"https:\/\/cerveraip.com\/index.php\/wp-json\/wp\/v2\/media?parent=206"}],"curies":[{"name":"wp","href":"https:\/\/api.w.org\/{rel}","templated":true}]}}